tiple of 168?
True
Is 4 a factor of 56811?
False
Is 3207603 a multiple of 687?
True
Does 4 divide 63008?
True
Is 62330 a multiple of 2?
True
Is 3110648 a multiple of 3?
False
Does 12 divide 1112508?
True
Is 1865760 a multiple of 598?
True
Does 6 divide 51961?
False
Does 601 divide 746176?
False
Does 430 divide 7938230?
True
Is 15549942 a multiple of 38?
True
Does 306 divide 855882?
True
Is 6 a factor of 4227836?
False
Does 19 divide 570836?
True
Is 440311 a multiple of 48?
False
Is 481 a factor of 2421354?
True
Is 737336 a multiple of 296?
True
Is 13 a factor of 55243?
False
Is 261 a factor of 12778560?
True
Is 65532 a multiple of 13?
False
Is 227 a factor of 4731737?
False
Is 2930154 a multiple of 23?
True
Is 562215 a multiple of 37?
True
Does 31 divide 2322449?
False
Is 38345 a multiple of 12?
False
Does 78 divide 219759?
False
Does 7 divide 1188615?
False
Does 376 divide 1081752?
True
Is 130780 a multiple of 229?
False
Is 11472851 a multiple of 13?
True
Does 8 divide 151327?
False
Does 38 divide 145010?
False
Does 5 divide 433835?
True
Is 242525 a multiple of 20?
False
Is 281278 a multiple of 30?
False
Does 61 divide 126876?
False
Is 5 a factor of 69093?
False
Is 93705 a multiple of 15?
True
Does 56 divide 225400?
True
Does 26 divide 438594?
True
Is 24388 a multiple of 871?
True
Is 252 a factor of 3961303?
False
Is 21700 a multiple of 25?
True
Does 313 divide 268558?
False
Is 1027 a factor of 2238242?
False
Is 8 a factor of 354081?
False
Does 15 divide 582936?
False
Does 56 divide 159392?
False
Is 926371 a multiple of 2?
False
Does 119 divide 2038351?
True
Does 1028 divide 12666944?
False
Is 32 a factor of 1277562?
False
Does 1104 divide 907693?
False
Is 8 a factor of 594100?
False
Does 315 divide 2478735?
True
Does 41 divide 1741195?
False
Does 128 divide 1786147?
False
Is 400859 a multiple of 10?
False
Is 26020 a multiple of 15?
False
Is 1295063 a multiple of 155?
False
Is 66402 a multiple of 13?
False
Does 25 divide 212350?
True
Is 5 a factor of 107098?
False
Is 4271312 a multiple of 16?
True
Does 8 divide 64768?
True
Is 6274625 a multiple of 175?
True
Is 144 a factor of 7902144?
True
Is 1230 a factor of 1880670?
True
Is 1432522 a multiple of 221?
True
Does 36 divide 2065430?
False
Does 110 divide 181830?
True
Is 867481 a multiple of 32?
False
Is 165828 a multiple of 348?
False
Is 1013408 a multiple of 11?
True
Does 16 divide 1490460?
False
Is 24742623 a multiple of 136?
False
Is 68 a factor of 332220?
False
Is 859945 a multiple of 355?
False
Does 149 divide 740188?
False
Is 22 a factor of 30946?
False
Is 158 a factor of 881640?
True
Is 3980925 a multiple of 225?
True
Is 93952 a multiple of 128?
True
Does 10 divide 5730?
True
Is 386 a factor of 2357768?
False
Does 1450 divide 11769650?
True
Is 1649802 a multiple of 14?
True
Is 1059534 a multiple of 378?
True
Is 9 a factor of 251797?
False
Is 10 a factor of 2520080?
True
Does 313 divide 279509?
True
Is 17 a factor of 34374?
True
Is 174 a factor of 575425?
False
Does 223 divide 3298832?
False
Is 31055 a multiple of 8?
False
Does 673 divide 2779992?
False
Is 558 a factor of 3812955?
False
Does 211 divide 795378?
False
Is 5253408 a multiple of 96?
True
Is 188442 a multiple of 12?
False
Is 1830 a factor of 10881180?
True
Is 4966 a multiple of 26?
True
Is 33733 a multiple of 12?
False
Is 48 a factor of 1873536?
True
Is 49 a factor of 365161?
False
Does 135 divide 9381960?
True
Is 525319 a multiple of 880?
False
Is 12 a factor of 78024?
True
Is 1442853 a multiple of 27?
True
Does 19 divide 1855469?
False
Is 1325095 a multiple of 13?
False
Is 40 a factor of 89120?
True
Is 115 a factor of 76079?
False
Does 225 divide 1056697?
False
Is 4418260 a multiple of 77?
True
Does 204 divide 1326204?
True
Does 12 divide 19320?
True
Is 1639552 a multiple of 449?
False
Does 54 divide 12049506?
True
Is 254966 a multiple of 461?
False
Is 336834 a multiple of 9?
True
Is 1111200 a multiple of 20?
True
Is 555 a factor of 9479955?
True
Is 6964477 a multiple of 1704?
False
Does 22 divide 57420?
True
Is 10 a factor of 9749133?
False
Does 142 divide 510064?
True
Is 5 a factor of 5209863?
False
Is 515 a factor of 2190810?
True
Does 345 divide 769695?
True
Is 159 a factor of 1852445?
False
Is 3030129 a multiple of 53?
False
Does 16 divide 202432?
True
Is 6617610 a multiple of 8?
False
Is 140082 a multiple of 3?
True
Is 239 a factor of 4499294?
False
Does 267 divide 165006?
True
Does 1058 divide 392518?
True
Is 38 a factor of 435822?
True
Is 188 a factor of 3540416?
True
Does 154 divide 6350960?
True
Does 870 divide 7079190?
True
Is 144452 a multiple of 273?
False
Is 69 a factor of 35419?
False
Is 9940615 a multiple of 1087?
True
Does 23 divide 12903?
True
Is 129804 a multiple of 348?
True
Is 335 a factor of 247565?
True
Is 31 a factor of 1026131?
True
Is 14 a factor of 209364?
False
Is 66568 a multiple of 106?
True
Is 16 a factor of 184653?
False
Is 197660 a multiple of 121?
False
Does 36 divide 7093656?
True
Is 40 a factor of 752920?
True
Is 222 a factor of 583790?
False
Does 32 divide 1579584?
True
Is 26 a factor of 43862?
True
Is 1194055 a multiple of 181?
False
Is 43 a factor of 854668?
True
Is 71588 a multiple of 36?
False
Is 456639 a multiple of 30?
False
Is 158 a factor of 3845246?
True
Is 199808 a multiple of 28?
True
Is 203670 a multiple of 558?
True
Is 2471420 a multiple of 107?
False
Does 620 divide 17624313?
False
Is 111000 a multiple of 171?
False
Does 435 divide 2277998?
False
Does 13 divide 344305?
True
Is 268788 a multiple of 13?
True
Is 1469443 a multiple of 26?
False
Is 5051592 a multiple of 1092?
True
Does 23 divide 329659?
True
Is 369 a factor of 27226?
False
Is 9088209 a multiple of 132?
False
Is 2 a factor of 14430?
True
Does 23 divide 3680?
True
Is 139970 even?
True
Is 3058232 a multiple of 930?
False
Is 41 a factor of 3587?
False
Does 161 divide 17388?
True
Is 512 a factor of 4264448?
True
Does 48 divide 17804544?
True
Does 19 divide 128629?
False
Is 4276608 a multiple of 14?
True
Is 30 a factor of 6437108?
False
Is 1236773 a multiple of 10?
False
Does 51 divide 138057?
True
Is 970470 a multiple of 173?
False
Is 14 a factor of 121534?
True
Does 370 divide 711140?
True
Is 48 a factor of 503904?
True
Does 70 divide 210566?
False
Is 53391 a multiple of 37?
True
Does 28 divide 388080?
True
Does 44 divide 6556?
True
Is 4171664 a multiple of 313?
True
Is 378850 a multiple of 16?
False
Is 22 a factor of 69080?
True
Is 6 a factor of 11657?
False
Is 625136 a multiple of 8?
True
Is 164003 a multiple of 98?
False
Does 4 divide 97890?
False
Does 15 divide 1363288?
False
Does 31 divide 20753012?
True
Is 5408939 a multiple of 1545?
False
Does 15 divide 19583932?
False
Does 51 divide 998019?
True
Is 22 a factor of 2000486?
False
Is 142 a factor of 5594421?
False
Is 23 a factor of 63956?
False
Is 11326 a multiple of 14?
True
Does 219 divide 25107693?
True
Does 733 divide 226392?
False
Is 45 a factor of 130365?
True
Does 9 divide 888892?
False
Is 8 a factor of 106799?
False
Does 22 divide 206074?
True
Is 7476 a multiple of 21?
True
Is 188500 a multiple of 500?
True
Does 676 divide 4163952?
False
Does 61 divide 24077493?
True
Is 3 a factor of 1433?
False
Is 969229 a multiple of 302?
False
Is 15 a factor of 1189548?
False
Does 4 divide 19453?
False
Is 116245 a multiple of 64?
False
Is 93 a factor of 44361?
True
Is 1297764 a multiple of 94?
True
Does 102 divide 118320?
True
Does 42 divide 150528?
True
Does 23 divide 119186?
True
Is 9440 a multiple of 16?
True
Does 27 divide 111771?
False
Is 90 a factor of 164169?
False
Is 105525 a multiple of 63?
True
Does 93 divide 432417?
False
Is 9 a factor of 1350869?
False
Is 172 a factor of 345720?
True
Is 7366564 a multiple of 29?
False
Is 18944892 a multiple of 122?
True
Is 3363478 a multiple of 9?
False
Is 23782 a multiple of 23?
True
Is 761 a factor of 616335?
False
Is 816192 a multiple of 52?
True
Is 24 a factor of 92904?
True
Does 30 divide 58058?
False
Does 5 divide 304260?
True
Is 538716 a multiple of 112?
False
Is 773684 a multiple of 272?
False
Does 935 divide 3212499?
False
Is 13 a factor of 1403018?
False
Is 444 a factor of 6967408?
False
Is 12 a factor of 50895?
False
Is 40073 a multiple of 87?
False
Is 12 a factor of 37140?
True
Does 419 divide 165924?
True
